d(f) = f**3 - 6*f**2 - f - 44. Let y be d(7). Let m(l) = 12*l - 8. Let b be m(-6). What is the tens digit of b/6*3/y?
2
Let x(l) = 15*l - 133. What is the tens digit of x(10)?
1
Suppose 0 = 2*v - 6, -4*v = 5*q - 2968 - 4244. What is the hundreds digit of q?
4
Let x = -13 - -17. Suppose 0*n + 2 = -a + n, -3*n + 6 = x*a. Suppose 2*w - 6*w + 109 = 3*u, a = -3*w - u + 83. What is the units digit of w?
8
Let o = -439 - -2144. What is the tens digit of o?
0
Suppose -17*r - 62 = -15*r. What is the tens digit of ((-12)/(-4) - -3)*r/(-3)?
6
Let u = -4 - -9. Suppose -6 = u*i + 19. What is the tens digit of -5 + 2 - i*6?
2
Let o = -46 + 50. Suppose -o*w = -d + 31, -4*d = -6*d + 5*w + 74. What is the tens digit of d?
4
What is the hundreds digit of (51/5 - -3)/(18/240)?
1
Let o = 2181 - -1165. What is the thousands digit of o?
3
Let c(j) = -2*j - 12. Let i be c(-6). Suppose -3*r = -5*x + 308, -4*r + 5 + 11 = i. What is the tens digit of x?
6
Let h = 326 - 221. Let f = 74 - h. What is the tens digit of ((-6)/3)/2*f?
3
Suppose 0*s + 2*s = -3*r + 402, -s + 133 = r. Suppose -103 + 796 = 5*i - 2*m, -3*m = -i + r. What is the units digit of i?
9
Let s = 6 + -13. Let a = s - -13. Suppose 4*g - 54 = -a. What is the tens digit of g?
1
Let r = -969 + 1526. What is the hundreds digit of r?
5
Suppose -703 = -2*d - 3*j, 0 = -0*d + d - 2*j - 362. What is the tens digit of d?
5
Suppose 3*j + 3 = 4*o, -5*j - 2 - 3 = -2*o. What is the units digit of j/(2 - (-51)/(-24))?
8
Let n = 444 + 153. What is the tens digit of n?
9
Let k(n) = -4*n**3 + n + 11. Let d(h) = -3*h**3 + h**2 + 2*h + 10. Let t be (4/(-6))/((-2)/(-15)). Let q(s) = t*d(s) + 4*k(s). What is the tens digit of q(-5)?
2
Let o be (-10)/25 + (-12)/(-5). Suppose -o*a = -0*a - 18. What is the units digit of 2*4*a/6?
2
Let o(c) = -6*c + 0*c - 1 + 0*c + 8*c. Let k be o(-2). Let t = k - -8. What is the units digit of t?
3
Let t(o) = -o**3 - 4 - 10 - 13*o + 2*o**3 + 8*o**2. What is the tens digit of t(-9)?
2
Let v = 98 - 96. Suppose s - 4*r - 172 = -v*r, -4*s = 4*r - 628. What is the units digit of s?
2
Suppose 4 = 2*a, 0 = 3*s - 3*a - 20 - 73. Let b be s/(-2) + (-1)/2. What is the units digit of (-189)/(-4) - b/(-68)?
7
Suppose -2*t + 13 = 5*o, 7 = 8*t - 7*t + 2*o. Suppose -7*g = -t*g + 78. What is the tens digit of g?
3
Let q = 18 + -16. Suppose -4*n = -q*n - 166. What is the units digit of n?
3
Let x(l) = -l**2 + 4*l + 11. Let u be x(5). What is the hundreds digit of 5 + u/(-3) + 191?
1
Let n be -2*(-1)/4*12. Let v be (n - 0)/(14/7). Suppose 0 = v*x - 4*x + 19. What is the units digit of x?
9
Suppose 0 = -3*t - 4*i - 38, -4 - 2 = t - 2*i. What is the tens digit of (-40)/12*42/t?
1
Let v = -17 + 31. Let i = 64 + v. What is the units digit of i?
8
Let p = 8 - 18. Let v = -23 + p. Let u = 55 + v. What is the tens digit of u?
2
Suppose 6*k - 13 - 23 = 0. Let m be k/(-15) + (-996)/(-15). Suppose -8 = s - m. What is the tens digit of s?
5
Let g(o) = 33*o - 77. What is the thousands digit of g(35)?
1
Let v = -381 - -1401. What is the hundreds digit of v?
0
Let q(m) = -3*m**2 + 11*m - 6. Let h be q(9). What is the tens digit of (h/(-2) + -4)*1?
7
Suppose 0 = 10*f - 14*f - 360. Let r = -49 - f. Let i = r - 23. What is the tens digit of i?
1
Suppose 0 = -h + 5*c - 88, 144 = -h + 3*c + 48. What is the tens digit of 104/(-2)*351/h?
6
What is the thousands digit of -5*(-4)/20 + 1353 + 3?
1
Let o = 1306 + -585. What is the hundreds digit of o?
7
Let y(n) = -6*n**2 + 5*n + 17. Let s = -41 + 40. Let t(w) = -w**2 - w. Let h(g) = s*y(g) + 4*t(g). What is the units digit of h(7)?
8
Suppose 2*i + 2*w = 8 - 0, i = 2*w + 4. Suppose -5*r + l = -200, -4*l = i*r - 22 - 162. What is the units digit of r?
1
Let j = 111 + -53. Let d = -35 + j. What is the tens digit of d?
2
Let z be (-76)/(-6)*(-6)/4. Let f = z - -45. What is the units digit of f?
6
Suppose 6 = -3*h, -290 = 3*l - 4*h - 1069. What is the tens digit of l?
5
What is the hundreds digit of 45*(15 + 2 + -6)?
4
Let u = 107 - 183. Let g = -39 - u. What is the units digit of g?
7
Let v(q) = -q + 1. Let a(r) = 7*r - 14. Suppose -4*d - 17 = i, 2*d + 10 = -2*i - 0*d. Let o(z) = i*a(z) - 14*v(z). What is the units digit of o(5)?
5
Let w(x) = -3*x**3 - 3*x**2 + 7*x - 2. Let y(o) = o**3 - o**2 - o + 1. Let q(a) = -w(a) - 4*y(a). Let k be 4/1 - (5 - 7). What is the units digit of q(k)?
6
Let j = -5 - -16. Suppose -6*p + 131 - j = 0. What is the tens digit of (3/(-2))/((-2)/p)?
1
Let p = 980 + 3741. What is the hundreds digit of p?
7
Let a(r) = 2*r + 12. Suppose -3*n - 41 = 2*b, n + n + 23 = -b. Let f be a(b). Let i = 15 + f. What is the units digit of i?
1
Suppose -4*x + 7436 = 3*a - 1036, x + 4*a - 2118 = 0. What is the hundreds digit of x?
1
Let m be (38 - (1 + -1)) + 2. Let l = -22 + m. What is the tens digit of l?
1
Let r(u) = u**2 - 6*u - 18. Suppose 50 = -15*v + 10*v. What is the tens digit of r(v)?
4
Let a(i) = -2*i**3 + 12*i**2 - 2*i + 4. Let j be a(5). What is the units digit of 1064/j - 4/22?
4
Suppose 5911 = 17*o - 20456. What is the tens digit of o?
5
Let z(a) = 21*a**2 + 6*a - 14. Let b be z(6). Let m be (-4)/7 + b/14. Let p = 106 - m. What is the tens digit of p?
5
Let n = 7 + 20. What is the units digit of (-2 + n/12)/(8/1504)?
7
Suppose 8*t - t - 3094 = 0. What is the tens digit of 39/52 + t/8?
5
Let k be (-1)/(-7) - 295/7. What is the units digit of (-7)/(129/k - -3)?
8
Let y(j) = 6*j**2 + 15*j - 154. What is the units digit of y(13)?
5
Suppose -3*m - 2*t = -220, 0 = -m - t - 0*t + 75. Suppose 4*j - m = 3*j. What is the units digit of j?
0
Let x(h) be the first derivative of h**3 + 9*h**2/2 - 6*h + 2. Let f(v) = 2*v**2 + 9*v - 7. Let n(w) = -4*f(w) + 3*x(w). What is the units digit of n(10)?
0
Let l(r) = -r**3 + 10*r**2 + 12*r + 7. Let n be l(11). What is the units digit of (0 - n)/(255/65 - 4)?
4
Let a(q) = q**2 + q - 3. Let s be (-6)/((-2)/3*3). Suppose -s*o + 8*o = -20. What is the units digit of a(o)?
9
Suppose -179 = -f - 6*w + 2*w, 526 = 3*f + w. Let s = f - 116. What is the tens digit of s?
5
Let y be 1/(-1*2/(-8)). Suppose y*m = 2*m. Suppose m = -7*t + 2*t + 40. What is the units digit of t?
8
Suppose 0 = 3*y - m - 1550 + 410, -y + 2*m + 385 = 0. What is the tens digit of y?
7
Let l = -8 - -38. Let i = l - -6. Let m = 63 - i. What is the units digit of m?
7
Let n(r) be the third derivative of 3/2*r**3 - 3/20*r**5 + 1/120*r**6 + 0*r - 3*r**2 + 1/24*r**4 + 0. What is the tens digit of n(9)?
1
Suppose -3 + 26 = 5*r - s, -3*s - 9 = 0. Suppose 5*m - 592 = 2*m - 5*x, r*m - 2*x = 746. What is the hundreds digit of m?
1
Suppose c - 14 = 2*u, 2*u - u - 7 = 4*c. Let q be 84/(-1*u/12). Suppose 0 = 2*z + 2*d - 6*d - 68, -q = -3*z - 4*d. What is the units digit of z?
6
Let p(j) = 16*j**3 - 1 - 4 + 4. Let u be p(1). What is the tens digit of (-2)/(13/u - 1)?
1
Suppose 413 = f - 4*w, -12*f = -7*f - 4*w - 2017. What is the units digit of f?
1
Let h = 13 + -10. Suppose -4*o = -h*w - 16, -2*w + 1 + 3 = o. What is the units digit of o/10 + 72/20?
4
Let t be (3 - -3)/(4/(-2)). What is the units digit of 23/((t/42)/((-10)/35))?
2
Let r(m) = -m**3 + 6*m**2 + m - 3. Let g be r(6). Suppose j - 622 = -g*u, -445 = -4*u - 4*j + 379. Suppose 5*f - u - 82 = 0. What is the tens digit of f?
5
Let u be (2 - 210) + (1 - -3). Let x = u - -351. What is the tens digit of x?
4
Let y be (-18)/(-4)*(-8)/(-6). Let f be -6*(-5 - -2)/y. Suppose f*x + 92 = 5*s, -2*x = -5*s - 0*x + 93. What is the tens digit of s?
1
Suppose -2*l = -2*i + 152, 2*l - 6*l = -5*i + 385. Let p = i + -65. What is the tens digit of p?
1
Let f = -981 + 2066. What is the tens digit of f?
8
Suppose -77*s = -88*s + 15543. What is the thousands digit of s?
1
Let x = 114 - 164. Let b = -31 - x. What is the tens digit of b?
1
Let h(u) = -609*u - 21. What is the units digit of h(-1)?
8
Suppose -26*l + 43800 = -16*l. What is the hundreds digit of l?
3
Let f be ((2 + -1)*12)/2. Suppose 2*d = -0 + f. Suppose 17 + 13 = d*r. What is the units digit of r?
0
Let o(f) = -5*f**3 - f**2 + 6*f. What is the tens digit of o(-5)?
7
Suppose -j - 112 = 2*q - 2*j, -j - 112 = 2*q. Let g = q + 92. What is the tens digit of g?
3
Let r(i) = 6*i**2 - 42*i + 6. What is the hundreds digit of r(-3)?
1
Suppose 0 = d + 5*p + 19, -3*p - 13 - 2 = 0. Let f = d + -18. 